{"id":1140,"date":"2025-09-22T10:27:15","date_gmt":"2025-09-22T08:27:15","guid":{"rendered":"https:\/\/koreannecy.fr\/?page_id=1140"},"modified":"2025-09-22T10:37:01","modified_gmt":"2025-09-22T08:37:01","slug":"nos-partenaires","status":"publish","type":"page","link":"https:\/\/koreannecy.fr\/index.php\/nos-partenaires\/","title":{"rendered":"Nos Partenaires"},"content":{"rendered":"\t\t<div data-elementor-type=\"wp-page\" data-elementor-id=\"1140\" class=\"elementor elementor-1140\" data-elementor-post-type=\"page\">\n\t\t\t\t<div class=\"elementor-element elementor-element-398329c e-flex e-con-boxed wpr-particle-no wpr-jarallax-no wpr-parallax-no wpr-sticky-section-no e-con e-parent\" data-id=\"398329c\" data-element_type=\"container\">\n\t\t\t\t\t<div class=\"e-con-inner\">\n\t\t\t\t<div class=\"elementor-element elementor-element-3a9467e elementor-widget elementor-widget-heading\" data-id=\"3a9467e\" data-element_type=\"widget\" data-widget_type=\"heading.default\">\n\t\t\t\t<div class=\"elementor-widget-container\">\n\t\t\t\t\t<h2 class=\"elementor-heading-title elementor-size-default\"><span style=\"font-weight: normal;\"><span class=\"elementor-heading-title elementor-size-default elementor-inline-editing pen\" data-elementor-setting-key=\"title\" data-pen-placeholder=\"\u00c9crivez ici...\" style=\"font-family: Quakerhack, sans-serif; font-size: 65px; line-height: 1.2em; clear: both; word-break: break-word; overflow-wrap: break-word; outline-color: currentcolor; outline-style: none; text-transform: none; font-style: normal; text-decoration: none; letter-spacing: 4.3px; text-align: center;\">Nos Partenaires<\/span><\/span><\/h2>\t\t\t\t<\/div>\n\t\t\t\t<\/div>\n\t\t\t\t\t<\/div>\n\t\t\t\t<\/div>\n\t\t<div class=\"elementor-element elementor-element-f1fa1c6 e-flex e-con-boxed wpr-particle-no wpr-jarallax-no wpr-parallax-no wpr-sticky-section-no e-con e-parent\" data-id=\"f1fa1c6\" data-element_type=\"container\">\n\t\t\t\t\t<div class=\"e-con-inner\">\n\t\t\t\t<div class=\"elementor-element elementor-element-b936957 elementor-widget elementor-widget-image-carousel\" data-id=\"b936957\" data-element_type=\"widget\" data-settings=\"{&quot;slides_to_show&quot;:&quot;6&quot;,&quot;slides_to_show_tablet&quot;:&quot;3&quot;,&quot;navigation&quot;:&quot;none&quot;,&quot;pause_on_hover&quot;:&quot;no&quot;,&quot;pause_on_interaction&quot;:&quot;no&quot;,&quot;image_spacing_custom&quot;:{&quot;unit&quot;:&quot;px&quot;,&quot;size&quot;:&quot;55&quot;,&quot;sizes&quot;:[]},&quot;slides_to_scroll_tablet&quot;:&quot;1&quot;,&quot;slides_to_show_mobile&quot;:&quot;1&quot;,&quot;autoplay&quot;:&quot;yes&quot;,&quot;autoplay_speed&quot;:5000,&quot;infinite&quot;:&quot;yes&quot;,&quot;speed&quot;:500,&quot;image_spacing_custom_tablet&quot;:{&quot;unit&quot;:&quot;px&quot;,&quot;size&quot;:&quot;&quot;,&quot;sizes&quot;:[]}}\" data-widget_type=\"image-carousel.default\">\n\t\t\t\t<div class=\"elementor-widget-container\">\n\t\t\t\t\t\t\t<div class=\"elementor-image-carousel-wrapper swiper\" role=\"region\" aria-roledescription=\"carousel\" aria-label=\"Carrousel d\u2019images\" dir=\"ltr\">\n\t\t\t<div class=\"elementor-image-carousel swiper-wrapper\" aria-live=\"off\">\n\t\t\t\t\t\t\t\t<div class=\"swiper-slide\" role=\"group\" aria-roledescription=\"slide\" aria-label=\"1 of 8\"><figure class=\"swiper-slide-inner\"><img decoding=\"async\" class=\"swiper-slide-image\" src=\"https:\/\/koreannecy.fr\/wp-content\/uploads\/2025\/04\/Esprit-thay.png\" alt=\"Esprit thay\" \/><\/figure><\/div><div class=\"swiper-slide\" role=\"group\" aria-roledescription=\"slide\" aria-label=\"2 of 8\"><figure class=\"swiper-slide-inner\"><img decoding=\"async\" class=\"swiper-slide-image\" src=\"https:\/\/koreannecy.fr\/wp-content\/uploads\/2025\/04\/oson_doson-logo-01_upscayl_3x_upscayl-standard-4x.png\" alt=\"oson_doson-logo-01_upscayl_3x_upscayl-standard-4x\" \/><\/figure><\/div><div class=\"swiper-slide\" role=\"group\" aria-roledescription=\"slide\" aria-label=\"3 of 8\"><figure class=\"swiper-slide-inner\"><img decoding=\"async\" class=\"swiper-slide-image\" src=\"https:\/\/koreannecy.fr\/wp-content\/uploads\/2025\/04\/logo_\u00a9\ufe0fBrigitteLannaudLevyLOGO_upscayl_3x_upscayl-standard-4x-1.png\" alt=\"logo_\u00a9\ufe0fBrigitteLannaudLevyLOGO_upscayl_3x_upscayl-standard-4x\" \/><\/figure><\/div><div class=\"swiper-slide\" role=\"group\" aria-roledescription=\"slide\" aria-label=\"4 of 8\"><figure class=\"swiper-slide-inner\"><img decoding=\"async\" class=\"swiper-slide-image\" src=\"https:\/\/koreannecy.fr\/wp-content\/uploads\/2025\/04\/LOG4112_upscayl_3x_upscayl-standard-4x.jpg\" alt=\"LOG4112_upscayl_3x_upscayl-standard-4x\" \/><\/figure><\/div><div class=\"swiper-slide\" role=\"group\" aria-roledescription=\"slide\" aria-label=\"5 of 8\"><figure class=\"swiper-slide-inner\"><img decoding=\"async\" class=\"swiper-slide-image\" src=\"https:\/\/koreannecy.fr\/wp-content\/uploads\/2025\/06\/Taobento.png\" alt=\"Taobento\" \/><\/figure><\/div><div class=\"swiper-slide\" role=\"group\" aria-roledescription=\"slide\" aria-label=\"6 of 8\"><figure class=\"swiper-slide-inner\"><img decoding=\"async\" class=\"swiper-slide-image\" src=\"https:\/\/koreannecy.fr\/wp-content\/uploads\/2025\/06\/Dalmoon.png\" alt=\"Dalmoon\" \/><\/figure><\/div><div class=\"swiper-slide\" role=\"group\" aria-roledescription=\"slide\" aria-label=\"7 of 8\"><figure class=\"swiper-slide-inner\"><img decoding=\"async\" class=\"swiper-slide-image\" src=\"https:\/\/koreannecy.fr\/wp-content\/uploads\/2025\/06\/Allo-copy_upscayl_2x_upscayl-standard-4x.png\" alt=\"Allo copy_upscayl_2x_upscayl-standard-4x\" \/><\/figure><\/div><div class=\"swiper-slide\" role=\"group\" aria-roledescription=\"slide\" aria-label=\"8 of 8\"><figure class=\"swiper-slide-inner\"><img decoding=\"async\" class=\"swiper-slide-image\" src=\"https:\/\/koreannecy.fr\/wp-content\/uploads\/2025\/09\/image-1.jpeg\" alt=\"image\" \/><\/figure><\/div>\t\t\t<\/div>\n\t\t\t\t\t\t\t\n\t\t\t\t\t\t\t\t\t<\/div>\n\t\t\t\t\t\t<\/div>\n\t\t\t\t<\/div>\n\t\t\t\t\t<\/div>\n\t\t\t\t<\/div>\n\t\t<div class=\"elementor-element elementor-element-4b2596f e-flex e-con-boxed wpr-particle-no wpr-jarallax-no wpr-parallax-no wpr-sticky-section-no e-con e-parent\" data-id=\"4b2596f\" data-element_type=\"container\">\n\t\t\t\t\t<div class=\"e-con-inner\">\n\t\t\t\t<div class=\"elementor-element elementor-element-eeb24e1 elementor-widget elementor-widget-text-editor\" data-id=\"eeb24e1\" data-element_type=\"widget\" data-widget_type=\"text-editor.default\">\n\t\t\t\t<div class=\"elementor-widget-container\">\n\t\t\t\t\t\t\t\t\t<p><strong>OSON DOSON<\/strong> , restaurant \u00e0 Epagny vous accorde 10% pour d&#8217;authentiques et excellents repas<span class=\"Apple-converted-space\">\u00a0 <\/span>Cor\u00e9en<\/p><p><strong>ESPRIT THAI<\/strong> rue sommeiller vous accorde 10% pour la plus grande galle de produits Cor\u00e9ens de la meilleure qualit\u00e9 qui soit<span class=\"Apple-converted-space\">\u00a0<\/span><\/p><p><strong>ALLOCOPY<\/strong> rue de la Paix vous accorde 10%<span class=\"Apple-converted-space\">\u00a0 <\/span>sur toutes vos impressions num\u00e9riques<span class=\"Apple-converted-space\">\u00a0<\/span><\/p><p><strong>LA LIBRAIRIE IMAGINAIRE<\/strong> rue de la Poste vous accorde 5% , vous y trouverez les livres s\u00e9lection de KoreAnnecy <span class=\"Apple-converted-space\">\u00a0<\/span><\/p><p><strong>KOREANNECY<\/strong> vous accorde 10 \u00e0 20 % sur les multiples \u00e9v\u00e9nements qui sont propos\u00e9s<span class=\"Apple-converted-space\">\u00a0<\/span><\/p><p>\u00a0<\/p>\t\t\t\t\t\t\t\t<\/div>\n\t\t\t\t<\/div>\n\t\t\t\t\t<\/div>\n\t\t\t\t<\/div>\n\t\t\t\t<\/div>\n\t\t","protected":false},"excerpt":{"rendered":"<p>Nos Partenaires OSON DOSON , restaurant \u00e0 Epagny vous accorde 10% pour d&#8217;authentiques et excellents repas\u00a0 Cor\u00e9en ESPRIT THAI rue sommeiller vous accorde 10% pour la plus grande galle de &#8230;<\/p>\n","protected":false},"author":1,"featured_media":0,"parent":0,"menu_order":0,"comment_status":"closed","ping_status":"closed","template":"","meta":{"_acf_changed":false,"_seopress_robots_primary_cat":"","_seopress_titles_title":"","_seopress_titles_desc":"","_seopress_robots_index":"","footnotes":""},"class_list":["post-1140","page","type-page","status-publish","hentry"],"acf":[],"_links":{"self":[{"href":"https:\/\/koreannecy.fr\/index.php\/wp-json\/wp\/v2\/pages\/1140","targetHints":{"allow":["GET"]}}],"collection":[{"href":"https:\/\/koreannecy.fr\/index.php\/wp-json\/wp\/v2\/pages"}],"about":[{"href":"https:\/\/koreannecy.fr\/index.php\/wp-json\/wp\/v2\/types\/page"}],"author":[{"embeddable":true,"href":"https:\/\/koreannecy.fr\/index.php\/wp-json\/wp\/v2\/users\/1"}],"replies":[{"embeddable":true,"href":"https:\/\/koreannecy.fr\/index.php\/wp-json\/wp\/v2\/comments?post=1140"}],"version-history":[{"count":4,"href":"https:\/\/koreannecy.fr\/index.php\/wp-json\/wp\/v2\/pages\/1140\/revisions"}],"predecessor-version":[{"id":1145,"href":"https:\/\/koreannecy.fr\/index.php\/wp-json\/wp\/v2\/pages\/1140\/revisions\/1145"}],"wp:attachment":[{"href":"https:\/\/koreannecy.fr\/index.php\/wp-json\/wp\/v2\/media?parent=1140"}],"curies":[{"name":"wp","href":"https:\/\/api.w.org\/{rel}","templated":true}]}}