{"id":68,"date":"2025-04-22T13:09:41","date_gmt":"2025-04-22T11:09:41","guid":{"rendered":"https:\/\/koreannecy.fr\/index.php\/about\/"},"modified":"2025-06-26T15:53:12","modified_gmt":"2025-06-26T13:53:12","slug":"about","status":"publish","type":"page","link":"https:\/\/koreannecy.fr\/index.php\/about\/","title":{"rendered":"About"},"content":{"rendered":"\t\t<div data-elementor-type=\"wp-page\" data-elementor-id=\"68\" class=\"elementor elementor-68\" data-elementor-post-type=\"page\">\n\t\t\t\t<div class=\"elementor-element elementor-element-1317c08f e-con-full e-flex wpr-particle-no wpr-jarallax-no wpr-parallax-no wpr-sticky-section-no e-con e-parent\" data-id=\"1317c08f\" data-element_type=\"container\">\n\t\t<div class=\"elementor-element elementor-element-6bf3945e e-con-full e-flex wpr-particle-no wpr-jarallax-no wpr-parallax-no wpr-sticky-section-no e-con e-child\" data-id=\"6bf3945e\" data-element_type=\"container\">\n\t\t\t\t<div class=\"elementor-element elementor-element-258f778 elementor-widget elementor-widget-image\" data-id=\"258f778\" data-element_type=\"widget\" data-widget_type=\"image.default\">\n\t\t\t\t<div class=\"elementor-widget-container\">\n\t\t\t\t\t\t\t\t\t\t\t\t<figure class=\"wp-caption\">\n\t\t\t\t\t\t\t\t\t\t<img alt=\"\" fetchpriority=\"high\" decoding=\"async\" width=\"1050\" height=\"1050\" src=\"https:\/\/koreannecy.fr\/wp-content\/uploads\/2025\/04\/Breathing-Lotus-Flower.jpg\" class=\"attachment-full size-full wp-image-214\" alt=\"\" srcset=\"https:\/\/koreannecy.fr\/wp-content\/uploads\/2025\/04\/Breathing-Lotus-Flower.jpg 1050w, https:\/\/koreannecy.fr\/wp-content\/uploads\/2025\/04\/Breathing-Lotus-Flower-300x300.jpg 300w, https:\/\/koreannecy.fr\/wp-content\/uploads\/2025\/04\/Breathing-Lotus-Flower-1024x1024.jpg 1024w, https:\/\/koreannecy.fr\/wp-content\/uploads\/2025\/04\/Breathing-Lotus-Flower-150x150.jpg 150w, https:\/\/koreannecy.fr\/wp-content\/uploads\/2025\/04\/Breathing-Lotus-Flower-768x768.jpg 768w\" sizes=\"(max-width: 1050px) 100vw, 1050px\" \/>\t\t\t\t\t\t\t\t\t\t\t<figcaption class=\"widget-image-caption wp-caption-text\"><\/figcaption>\n\t\t\t\t\t\t\t\t\t\t<\/figure>\n\t\t\t\t\t\t\t\t\t<\/div>\n\t\t\t\t<\/div>\n\t\t\t\t<\/div>\n\t\t<div class=\"elementor-element elementor-element-1d1ceeb7 e-con-full e-flex wpr-particle-no wpr-jarallax-no wpr-parallax-no wpr-sticky-section-no e-con e-child\" data-id=\"1d1ceeb7\" data-element_type=\"container\">\n\t\t\t\t<div class=\"elementor-element elementor-element-5441cb66 elementor-widget elementor-widget-heading\" data-id=\"5441cb66\" data-element_type=\"widget\" data-widget_type=\"heading.default\">\n\t\t\t\t<div class=\"elementor-widget-container\">\n\t\t\t\t\t<h1 class=\"elementor-heading-title elementor-size-default\">KoreAnnecy<\/h1>\t\t\t\t<\/div>\n\t\t\t\t<\/div>\n\t\t\t\t<div class=\"elementor-element elementor-element-6321f01 elementor-widget elementor-widget-text-editor\" data-id=\"6321f01\" data-element_type=\"widget\" data-widget_type=\"text-editor.default\">\n\t\t\t\t<div class=\"elementor-widget-container\">\n\t\t\t\t\t\t\t\t\t<p class=\"p1\">Le lotus rose g\u00e9ant de l\u2019artiste Choi Jeong Hwa, figure de proue du pop art cor\u00e9en, pos\u00e9 sur la fontaine devant l\u2019H\u00f4tel de Ville d\u2019Annecy, \u00e9tait devenu l\u2019un des embl\u00e8mes les plus marquants de la ville. Star des photos souvenirs, tant pour les visiteurs que pour les Ann\u00e9ciens, cette installation monumentale a marqu\u00e9 les esprits et laiss\u00e9 dans son sillage une curiosit\u00e9 renouvel\u00e9e pour la culture cor\u00e9enne.<\/p><p class=\"p1\">Dans cet \u00e9lan, un vent venu d\u2019Asie insuffle une nouvelle \u00e9nergie \u00e0 la vie culturelle locale. Fond\u00e9e en 2023 par un collectif de passionn\u00e9s, l\u2019association <i>KoreAnnecy<\/i> ambitionne de devenir un v\u00e9ritable carrefour pour les amoureux de la Cor\u00e9e du Sud, mais aussi pour les curieux d\u00e9sireux de s\u2019initier \u00e0 une culture en plein essor.<\/p><p class=\"p1\">Port\u00e9e par une \u00e9quipe aux profils riches et vari\u00e9s \u2014 certains d\u2019origine cor\u00e9enne, d\u2019autres ayant v\u00e9cu en Cor\u00e9e ou collaborant \u00e9troitement avec le pays \u2014 l\u2019initiative propose une programmation \u00e9clectique et accessible : ateliers de cuisine, cours de cor\u00e9en, conf\u00e9rences th\u00e9matiques, \u00e9v\u00e9nements mensuels\u2026 Chaque activit\u00e9 est pens\u00e9e pour faire d\u00e9couvrir avec authenticit\u00e9 les traditions, l\u2019histoire, la gastronomie et les enjeux contemporains de la p\u00e9ninsule cor\u00e9enne.<\/p><p class=\"p1\">Plus qu\u2019une s\u00e9rie d\u2019animations, <i>KoreAnnecy<\/i> construit un ancrage culturel fort. \u00c0 terme, l\u2019association esp\u00e8re faire \u00e9clore un v\u00e9ritable festival cor\u00e9en \u00e0 Annecy, reflet de l\u2019engouement croissant pour cette culture dont l\u2019influence, port\u00e9e par la pop culture autant que par l\u2019\u00e9conomie, rayonne aujourd\u2019hui bien au-del\u00e0 de l\u2019Asie.<\/p>\t\t\t\t\t\t\t\t<\/div>\n\t\t\t\t<\/div>\n\t\t\t\t<div class=\"elementor-element elementor-element-525cf065 elementor-view-default elementor-position-top elementor-mobile-position-top elementor-widget elementor-widget-icon-box\" data-id=\"525cf065\" data-element_type=\"widget\" data-widget_type=\"icon-box.default\">\n\t\t\t\t<div class=\"elementor-widget-container\">\n\t\t\t\t\t\t\t<div class=\"elementor-icon-box-wrapper\">\n\n\t\t\t\t\t\t<div class=\"elementor-icon-box-icon\">\n\t\t\t\t<span  class=\"elementor-icon\">\n\t\t\t\t<svg xmlns=\"http:\/\/www.w3.org\/2000\/svg\" id=\"a57ec174-ff38-4389-b9d2-4eba1269329a\" data-name=\"Layer 1\" width=\"82\" height=\"67\" viewBox=\"0 0 82 67\"><path d=\"M20.3643,32.1382q0-8.7154,3.2583-12.8008Q27.1524,14.98,34.212,14.98V0Q17.3775,0,8.6887,10.0772,0,19.8821,0,37.313A104.1284,104.1284,0,0,0,4.6159,67H36.1126V37.0406H20.3643Z\"><\/path><path d=\"M66.2517,37.0406V32.1382q0-8.7154,3.2583-12.8008Q73.04,14.98,80.0994,14.98V0Q63.265,0,54.5763,10.0772q-8.6888,9.8049-8.6889,27.2358A104.1319,104.1319,0,0,0,50.5033,67H82V37.0406Z\"><\/path><\/svg>\t\t\t\t<\/span>\n\t\t\t<\/div>\n\t\t\t\n\t\t\t\t\t\t<div class=\"elementor-icon-box-content\">\n\n\t\t\t\t\t\t\t\t\t<p class=\"elementor-icon-box-title\">\n\t\t\t\t\t\t<span  >\n\t\t\t\t\t\t\t \u00ab La culture cor\u00e9enne, c\u2019est l\u2019harmonie des contrastes,  une danse entre tradition et modernit\u00e9. \u00bb\t\t\t\t\t\t<\/span>\n\t\t\t\t\t<\/p>\n\t\t\t\t\n\t\t\t\t\t\t\t\t\t<p class=\"elementor-icon-box-description\">\n\t\t\t\t\t\tMin Jin Lee\t\t\t\t\t<\/p>\n\t\t\t\t\n\t\t\t<\/div>\n\t\t\t\n\t\t<\/div>\n\t\t\t\t\t\t<\/div>\n\t\t\t\t<\/div>\n\t\t\t\t<\/div>\n\t\t\t\t<\/div>\n\t\t<div class=\"elementor-element elementor-element-cd63dee e-con-full e-flex wpr-particle-no wpr-jarallax-no wpr-parallax-no wpr-sticky-section-no e-con e-parent\" data-id=\"cd63dee\" data-element_type=\"container\" data-settings=\"{&quot;background_background&quot;:&quot;classic&quot;}\">\n\t\t<div class=\"elementor-element elementor-element-c32ff41 e-con-full e-flex wpr-particle-no wpr-jarallax-no wpr-parallax-no wpr-sticky-section-no e-con e-child\" data-id=\"c32ff41\" data-element_type=\"container\">\n\t\t\t\t<div class=\"elementor-element elementor-element-e24b6b7 elementor-widget elementor-widget-heading\" data-id=\"e24b6b7\" data-element_type=\"widget\" data-widget_type=\"heading.default\">\n\t\t\t\t<div class=\"elementor-widget-container\">\n\t\t\t\t\t<h1 class=\"elementor-heading-title elementor-size-default\">Rejoignez la communaute KoreAnnecy !<\/h1>\t\t\t\t<\/div>\n\t\t\t\t<\/div>\n\t\t\t\t<div class=\"elementor-element elementor-element-9f68d80 elementor-widget elementor-widget-text-editor\" data-id=\"9f68d80\" data-element_type=\"widget\" data-widget_type=\"text-editor.default\">\n\t\t\t\t<div class=\"elementor-widget-container\">\n\t\t\t\t\t\t\t\t\t<p class=\"p1\">De la cuisine au cin\u00e9ma, de la langue aux traditions : explorez la Cor\u00e9e avec nous.<\/p>\t\t\t\t\t\t\t\t<\/div>\n\t\t\t\t<\/div>\n\t\t\t\t<div class=\"elementor-element elementor-element-d148ee9 elementor-mobile-align-center elementor-invisible elementor-widget elementor-widget-button\" data-id=\"d148ee9\" data-element_type=\"widget\" data-settings=\"{&quot;_animation&quot;:&quot;fadeInDown&quot;}\" data-widget_type=\"button.default\">\n\t\t\t\t<div class=\"elementor-widget-container\">\n\t\t\t\t\t\t\t\t\t<div class=\"elementor-button-wrapper\">\n\t\t\t\t\t<a class=\"elementor-button elementor-button-link elementor-size-sm\" href=\"https:\/\/www.helloasso.com\/associations\/koreannecy\/adhesions\/adhesion-annuelle-koreannecy-2025\" target=\"_blank\">\n\t\t\t\t\t\t<span class=\"elementor-button-content-wrapper\">\n\t\t\t\t\t\t\t\t\t<span class=\"elementor-button-text\">Adh\u00e9sion<\/span>\n\t\t\t\t\t<\/span>\n\t\t\t\t\t<\/a>\n\t\t\t\t<\/div>\n\t\t\t\t\t\t\t\t<\/div>\n\t\t\t\t<\/div>\n\t\t\t\t<\/div>\n\t\t<div class=\"elementor-element elementor-element-065d585 e-con-full e-flex wpr-particle-no wpr-jarallax-no wpr-parallax-no wpr-sticky-section-no e-con e-child\" data-id=\"065d585\" data-element_type=\"container\">\n\t\t\t\t<div class=\"elementor-element elementor-element-fc2c948 elementor-widget elementor-widget-image\" data-id=\"fc2c948\" data-element_type=\"widget\" data-widget_type=\"image.default\">\n\t\t\t\t<div class=\"elementor-widget-container\">\n\t\t\t\t\t\t\t\t\t\t\t\t\t\t\t<img alt=\"\" decoding=\"async\" width=\"800\" height=\"800\" src=\"https:\/\/koreannecy.fr\/wp-content\/uploads\/2025\/04\/groupe.jpg\" class=\"attachment-large size-large wp-image-254\" alt=\"\" srcset=\"https:\/\/koreannecy.fr\/wp-content\/uploads\/2025\/04\/groupe.jpg 1024w, https:\/\/koreannecy.fr\/wp-content\/uploads\/2025\/04\/groupe-300x300.jpg 300w, https:\/\/koreannecy.fr\/wp-content\/uploads\/2025\/04\/groupe-150x150.jpg 150w, https:\/\/koreannecy.fr\/wp-content\/uploads\/2025\/04\/groupe-768x768.jpg 768w\" sizes=\"(max-width: 800px) 100vw, 800px\" \/>\t\t\t\t\t\t\t\t\t\t\t\t\t\t\t<\/div>\n\t\t\t\t<\/div>\n\t\t\t\t<\/div>\n\t\t\t\t<\/div>\n\t\t\t\t<\/div>\n\t\t","protected":false},"excerpt":{"rendered":"<p>KoreAnnecy Le lotus rose g\u00e9ant de l\u2019artiste Choi Jeong Hwa, figure de proue du pop art cor\u00e9en, pos\u00e9 sur la fontaine devant l\u2019H\u00f4tel de Ville d\u2019Annecy, \u00e9tait devenu l\u2019un des &#8230;<\/p>\n","protected":false},"author":1,"featured_media":0,"parent":0,"menu_order":0,"comment_status":"closed","ping_status":"closed","template":"elementor_header_footer","meta":{"_acf_changed":false,"_seopress_robots_primary_cat":"","_seopress_titles_title":"","_seopress_titles_desc":"","_seopress_robots_index":"","footnotes":""},"class_list":["post-68","page","type-page","status-publish","hentry"],"acf":[],"_links":{"self":[{"href":"https:\/\/koreannecy.fr\/index.php\/wp-json\/wp\/v2\/pages\/68","targetHints":{"allow":["GET"]}}],"collection":[{"href":"https:\/\/koreannecy.fr\/index.php\/wp-json\/wp\/v2\/pages"}],"about":[{"href":"https:\/\/koreannecy.fr\/index.php\/wp-json\/wp\/v2\/types\/page"}],"author":[{"embeddable":true,"href":"https:\/\/koreannecy.fr\/index.php\/wp-json\/wp\/v2\/users\/1"}],"replies":[{"embeddable":true,"href":"https:\/\/koreannecy.fr\/index.php\/wp-json\/wp\/v2\/comments?post=68"}],"version-history":[{"count":55,"href":"https:\/\/koreannecy.fr\/index.php\/wp-json\/wp\/v2\/pages\/68\/revisions"}],"predecessor-version":[{"id":900,"href":"https:\/\/koreannecy.fr\/index.php\/wp-json\/wp\/v2\/pages\/68\/revisions\/900"}],"wp:attachment":[{"href":"https:\/\/koreannecy.fr\/index.php\/wp-json\/wp\/v2\/media?parent=68"}],"curies":[{"name":"wp","href":"https:\/\/api.w.org\/{rel}","templated":true}]}}